 is -26 - ee?
-114
In base 9, what is 76878 + 28?
77017
In base 15, what is 21 - -e96?
eb7
In base 3, what is 201212 - -1000220?
1202202
In base 9, what is 0 - -27010?
27010
In base 9, what is 582 + 52?
644
In base 9, what is 48634 + -3?
48631
In base 6, what is -1321 + -11543?
-13304
In base 8, what is -234 - -6030?
5574
In base 14, what is 66 - 372?
-30a
In base 3, what is -1001012212 + -100?
-1001020012
In base 12, what is 24b056 + -3?
24b053
In base 10, what is 52146 - 1?
52145
In base 11, what is -24 - 6a22?
-6a46
In base 16, what is 52 - -8e?
e0
In base 12, what is -243 + 1b22?
189b
In base 7, what is -101024 + 4?
-101020
In base 15, what is -7 - -6242?
623a
In base 10, what is -3 + -39478?
-39481
In base 8, what is -5 + 65445?
65440
In base 13, what is 3 + -405?
-402
In base 4, what is 3 + 1201133200?
1201133203
In base 10, what is -74150 - 2?
-74152
In base 6, what is 4441040 - 0?
4441040
In base 7, what is 0 + 15004?
15004
In base 11, what is -6 + 3027?
3021
In base 6, what is -141510 - -34?
-141432
In base 13, what is 10a3c3 - 3?
10a3c0
In base 13, what is -52 + 247?
1c5
In base 10, what is -47 - 3004?
-3051
In base 15, what is 3b0 - 8?
3a7
In base 8, what is 37723 + -20?
37703
In base 13, what is -51 - -a34?
9b3
In base 14, what is -1b + 3ab9?
3a9c
In base 12, what is -66393 + 6?
-66389
In base 14, what is 1256 - 8?
124c
In base 16, what is -76fd9 + 1?
-76fd8
In base 10, what is -1108 + 363?
-745
In base 11, what is -4072 - -7?
-4066
In base 6, what is 2024251 + 4?
2024255
In base 16, what is 1648fc - -1?
1648fd
In base 2, what is 100011010100 + -1000110100?
11010100000
In base 6, what is 410224 - -12?
410240
In base 16, what is -835c + 82?
-82da
In base 16, what is 231f - 6b?
22b4
In base 6, what is 400201512 + 4?
400201520
In base 9, what is -3448 - -10?
-3438
In base 9, what is -21323 - 1?
-21324
In base 16, what is -b88 - -37?
-b51
In base 11, what is -11 - 8435?
-8446
In base 6, what is 12 - 23413?
-23401
In base 6, what is 4244 - -41?
4325
In base 11, what is -229 - -404?
186
In base 16, what is 190cb - -4?
190cf
In base 9, what is -27 + 177071?
177043
In base 14, what is -1 - -101c4?
101c3
In base 14, what is -33d6 + 11?
-33c5
In base 8, what is -2 + 2372577?
2372575
In base 8, what is -4 - -2171564?
2171560
In base 2, what is -111000111111000011 + 1?
-111000111111000010
In base 9, what is -23326 + 6?
-23320
In base 9, what is 55521 - 4?
55516
In base 11, what is -355 + -42?
-397
In base 2, what is 111110111010111011110 - -101?
111110111010111100011
In base 3, what is 200101222110 - -1?
200101222111
In base 14, what is 55728 + -1?
55727
In base 13, what is -5 + -c0168?
-c0170
In base 15, what is -6 + -74d15?
-74d1b
In base 8, what is 5 - -362530?
362535
In base 11, what is -1894a - -9?
-18941
In base 16, what is -e2f15 + -4?
-e2f19
In base 5, what is 124 + 4413?
10042
In base 14, what is 5 - -1122d?
11234
In base 5, what is 3 + -4403221?
-4403213
In base 13, what is -5 - -20873?
2086b
In base 14, what is 3b - -1ba6?
1c03
In base 10, what is 48 - 72?
-24
In base 7, what is -40344 + 5?
-40336
In base 4, what is -10300 + -221?
-11121
In base 11, what is -12 + -29a?
-301
In base 9, what is 6502 - -11?
6513
In base 11, what is 0 + 12904?
12904
In base 8, what is 4 + -527627?
-527623
In base 12, what is 214166 - -5?
21416b
In base 9, what is -1761036 - -5?
-1761031
In base 7, what is -2 + -16036?
-16041
In base 5, what is 32433142 - -3?
32433200
In base 4, what is -11211 + -32332?
-110203
In base 10, what is -41 - 2936?
-2977
In base 16, what is 1 + -44826?
-44825
In base 4, what is -3131332 + -11?
-3132003
In base 9, what is 64685 - 33?
64652
In base 11, what is 1077 - -4?
1080
In base 16, what is -d9 + 80?
-59
In base 15, what is -1 - -e42?
e41
In base 12, what is 11 + 5423?
5434
In base 10, what is -4 - 489?
-493
In base 7, what is -323 + 1503?
1150
In base 5, what is 3 - -132042?
132100
In base 13, what is -25 - -191?
169
In base 11, what is -12a25 + 159?
-12877
In base 6, what is 5 - 11143352?
-11143343
In base 10, what is -177 - -308?
131
In base 2, what is -100100111000001 - 10?
-100100111000011
In base 4, what is -131130032 + 0?
-131130032
In base 13, what is 89c5a + -2?
89c58
In base 7, what is -133542 + 41?
-133501
In base 12, what is a1 - -151b?
1600
In base 6, what is -4 + -12221?
-12225
In base 13, what is 94 - 1567?
-14a3
In base 6, what is -230 - -223023?
222353
In base 8, what is 20 + -2175?
-2155
In base 11, what is -3839 + -5?
-3843
In base 13, what is 6c + 1288b?
1292a
In base 15, what is 2 - 2757?
-2755
In base 2, what is -100 + -11000101111011?
-11000101111111
In base 8, what is 4 - -544756?
544762
In base 14, what is 1 + -c6ad?
-c6ac
In base 4, what is -10300 - -1123?
-3111
In base 10, what is -3536 + 471?
-3065
In base 16, what is -1c7 - -572?
3ab
In base 7, what is 666 + -166?
500
In base 5, what is -10304440 - 3?
-10304443
In base 2, what is -1000000100010110001101 + -11?
-1000000100010110010000
In base 6, what is -53552 + 313?
-53235
In base 15, what is 2e6 - 4?
2e2
In base 11, what is 1120 + -792?
439
In base 2, what is -110000011011001 + 101?
-110000011010100
In base 16, what is fb6 - 6?
fb0
In base 6, what is 12105 + 101?
12210
In base 9, what is -164 + -546?
-721
In base 8, what is 46 + -4534?
-4466
In base 2, what is -11 + -1010110100101000111?
-1010110100101001010
In base 13, what is -113687 - 0?
-113687
In base 12, what is -1196 + 93?
-1103
In base 6, what is -2202 + 44?
-2114
In base 12, what is 5 - -124b3?
124b8
In base 16, what is 5 + 8e35?
8e3a
In base 15, what is -1952 - 6b?
-19bd
In base 3, what is -1011 - -2010120100?
2010112012
In base 13, what is -40815 - -4?
-40811
In base 16, what is 46f6 + 5?
46fb
In base 15, what is 0 + 15049?
15049
In base 6, what is -30 - -241?
211
In base 13, what is -18c - 2c91?
-3150
In base 14, what is a4 + -63?
41
In base 8, what is -2062110 - 4?
-2062114
In base 2, what is -1010 - 110110010010100?
-110110010011110
In base 14, what is -75 - 8dab?
-9042
In base 8, what is -264033 + -5?
-264040
In base 3, what is -201201 - 10201?
-212102
In base 7, what is 1222 - 3451?
-2226
In base 6, what is -23243 + -2?
-23245
In base 15, what is -3619 + 9?
-3610
In base 8, what is -3772 - -130?
-3642
In base 16, what is 160f + 4?
1613
In base 4, what is -300 - 1010220?
-1011120
In base 15, what is -678038 + -1?
-678039
In base 10, what is 32 + 708?
740
In base 15, what is 80e76 + 5?
80e7b
In base 9, what is -2754 + 771?
-1873
In base 14, what is -4 - c2125?
-c2129
In base 7, what is 40 + 143?
213
In base 15, what is -4dd + 36?
-4a7
In base 2, what is -100011101111011 + -100010?
-100011110011101
In base 12, what is 15025b + -9?
150252
In base 13, what is -103908 + 3?
-103905
In base 16, what is -abba + 4?
-abb6
In base 4, what is -122123120 - -12?
-122123102
In base 7, what is 1 - 1060631?
-1060630
In base 7, what is -6360 - -140?
-6220
In base 4, what is 12 - -203321?
203333
In base 7, what is 102123 - -41?
102164
In base 3, what is 2101120 + 11?
2101201
In base 11, what is -1 - -a98a1?
a98a0
In base 6, what is 21 + 330254?
330315
In base 4, what is -113321320 - 1?
-113321321
In base 2, what is 11101100 - -10110010?
110011110
In base 13, what is b8a7a - 4?
b8a76
In base 12, what is 90b5a + 12?
90b70
In base 9, what is -51 + 880?
828
In base 4, what is 3010033 - 12?
3010021
In base 3, what is 11120020112 + 112?
11120021001
In base 9, what is 28657 + 8?
28666
In base 11, what is 5545 - 7?
5539
In base 12, what is 26229 + 4?
26231
In base 6, what is 12303222 + -1?
12303221
In base 7, what is -126156 + 11?
-126145
In base 8, what is 76022 + 2?
76024
In base 14, what is 9c3a + -5?
9c35
In base 7, what is 33 - 1245?
-1212
In base 5, what is 2134 - 4?
2130
In base 7, what is -6 + 223436?
223430
In base 2, what is 1111000001000 - -10001?
1111000011001
In base 7, what is -4 + -41366?
-41403
In base 13, what is -431 + 8b?
-373
In base 14, what is 2b0604 - -4?
2b0608
In base 6, what is -1204545 + -2?
-1204551
In base 6, what is 14235 + 14343?
33022
In base 6, what is -205 + -212324?
-212533
In base 12, what is -5 + -3134?
-3139
In base 7, what is 2 + 152414?
152416
In base 5, what is 34 - -20423203?
20423242
In base 7, what is -1134102 - 0?
-1134102
In base 7, what is -1410 - 3626?
-